 - 38 + 1150 = 4*q, -v = -2. What is the units digit of q?
6
Let f = -1 + -5. Let h be 48/(-5) + f/15. What is the units digit of 14/35 + (-56)/h?
6
Suppose 3*v - 18 = -5*u + 2, 4*u - 16 = v. Suppose 8 - 2 = k. Suppose -u*h + k = -h. What is the units digit of h?
2
Suppose -3*l + 10*l = 105. What is the units digit of l?
5
Suppose 4*k + 3*b - 87 = 0, 5*k + 4*b - 87 = 23. What is the units digit of k?
8
What is the units digit of ((-4)/4 + -2)*-50?
0
Let q(r) = -r + 2. Let l(x) = -2*x + 5. Let t(y) = 4*l(y) - 9*q(y). Suppose -4*f - 5*m + 25 = 0, -5*m = -5*f - 0 + 20. What is the units digit of t(f)?
7
Let p(q) = 2*q**2 + 4*q - 28. What is the units digit of p(-6)?
0
Let b = 973 - 606. What is the tens digit of b?
6
Let s(w) = -w**2 - 3*w - 2. Let l be s(-2). Let r be 2/(-2*1)*l. Suppose -3*p + 3*z = z - 20, -p + 3*z + 16 = r. What is the units digit of p?
4
What is the units digit of (3/(-3))/(5/(-95))?
9
Let p = -97 - -210. What is the tens digit of p?
1
Suppose -3*k + 0*k + 33 = 0. What is the tens digit of k?
1
Let q = 152 + -84. Suppose -q = -4*s + 2*s. What is the units digit of s?
4
Let t(r) = 2*r**2 + 3*r + 2. Let q be (-3)/(-1)*(-3 + 2). What is the units digit of t(q)?
1
Let r(h) = -h - 4. Let y be r(-7). Suppose b - 7 = 2*t + t, -2*t - 1 = y*b. What is the units digit of (b - -2)*(-2 - -5)?
9
Let n(g) = -g**2 - 18*g + 13. What is the tens digit of n(-13)?
7
Suppose -4*z = 6 - 14. What is the tens digit of (z/(-3))/((-8)/300)?
2
Let d(l) = l**3 - 11*l**2 - 10*l + 8. What is the tens digit of d(12)?
3
Suppose -3 = -2*q + 5. Suppose q*u - 153 = 11. What is the units digit of u?
1
Suppose -2*a = -5*a - 42. Let y be 26 - (-1)/1*1. Let k = y + a. What is the units digit of k?
3
Let f(r) = 2*r**2 - 2. Let o be f(3). Suppose -o = -3*l + i, -2*i + 11 = 2*l - 3*i. Suppose 2*c + 1 = -m, l*m - 6 - 13 = -2*c. What is the units digit of m?
5
Suppose -s = 3*s - 64. Suppose 0 = f - 3*f + s. What is the units digit of f?
8
Suppose 3*q - 5*q = -2*y + 80, -160 = -4*y - 5*q. What is the units digit of y?
0
Suppose -3*s = 2*s + 10. Let u = s + 3. What is the units digit of -3*(-2 + u)*1?
3
Let l(d) = 2*d - 1. Let g be l(-2). Let n = g - -5. What is the units digit of n + 3 + 0/3?
3
Let d(v) = -v**3 + 3*v**2 - 2*v + 1. Let q(f) = -f**3 + 4*f**2 - 2*f. Let c(x) = 3*d(x) - 4*q(x). What is the tens digit of c(7)?
1
Suppose 0 = 2*q + q. Suppose 3*h + 3*j - 90 = 0, h + q*h + 2*j - 32 = 0. What is the units digit of h?
8
Suppose -57*r + 52*r = -1065. What is the tens digit of r?
1
Let i(d) = -2*d + 1. Let p be i(5). What is the units digit of p/((-9)/10) - 2?
8
Let c = -11 - -96. Suppose -j + 44 = 3*q, 0 = -2*j - 6*q + 3*q + c. What is the tens digit of j?
4
Suppose -3*m - 15 = -8*m, -3*m + 89 = -5*o. Let p = o + 31. What is the units digit of p?
5
What is the tens digit of 68/3*(-612)/(-48)?
8
Suppose -2*n = -0*n. Suppose n*x - 24 = -2*x. What is the tens digit of x?
1
Suppose x + 8 = 3*x. Suppose 0 = -2*n - 2 + x. What is the units digit of n?
1
Let l = 71 + -25. What is the units digit of l?
6
Let c(f) = f**3 + 3*f**2 - 3*f. Let y be 6*(-2)/4 - -10. Let p = 4 - y. What is the units digit of c(p)?
9
Let n(s) = -s**3 - 5*s**2 + 5*s. Let m be n(-7). Let u = m - 23. Suppose 0 = h - 3*h + u. What is the tens digit of h?
2
Let o be (-29)/(-9) - (-22)/(-99). Suppose -6*l + 31 = -4*l + r, l - 19 = 3*r. Suppose l = o*x - x. What is the units digit of x?
8
Let y(z) = z**3 - 16*z**2 - 5*z. What is the units digit of y(17)?
4
Suppose 2*t = -4*r + 160, -1 + 71 = t + 4*r. What is the units digit of t?
0
Let g be (-12)/42 - (-32)/14. Suppose g*n = 3*n. Suppose 14 = u - n*u. What is the units digit of u?
4
Suppose 0*k + k + 4*u - 19 = 0, 0 = -5*k + 4*u + 167. Let x = k - 22. What is the units digit of x?
9
Let p = -8 + 27. What is the tens digit of p?
1
What is the units digit of (-20375)/(-50) - (-1)/2?
8
Let y(z) = -z**3 + 5*z**2 + 3*z - 8. What is the tens digit of y(4)?
2
Let h be ((-2)/4)/((-9)/18). Let r = 0 + h. What is the units digit of 0 - ((-20)/r + 0)?
0
Suppose 0 = 6*v - 2*v - 264. What is the units digit of v?
6
Suppose 3*c = 6*c + 6. What is the tens digit of (-3 - c) + (14 - 1)?
1
Let m(f) = f**2 - 2*f + 4. Let p be m(6). Suppose 0 = -4*k - 5*v + 153, -5*v - 41 = -2*k + p. What is the units digit of k?
7
Let p(q) = -q**2 + 5*q - 4. Let c be p(4). Suppose -4*l + 0 + 8 = c. Suppose -l*d - 3*d = -65. What is the tens digit of d?
1
Suppose 5*a - 7*a + 72 = 0. What is the units digit of a?
6
Let t = 7 + 22. What is the tens digit of t?
2
Let a = -23 - -35. Suppose g + p - 14 = -4*p, 4*g - 2*p - 12 = 0. Suppose a = -g*k + 7*k. What is the units digit of k?
4
Let c be 92/6 + 4/(-12). Suppose v - c = -2*v. What is the units digit of v?
5
Suppose 4*y + 5*r = 23, 3*r + r = 3*y + 6. Let f(u) = -5*u + 2*u - 3 + 0*u + y*u. What is the units digit of f(-10)?
7
Let b = -181 - -342. What is the units digit of b?
1
Let j = -8 - -3. What is the units digit of (4 - j) + (2 - 3)?
8
Suppose -10 = 3*x - 1. Suppose 0 = 5*k + 10, -2*k - 10 = -2*z + 26. What is the units digit of (x/2)/((-4)/z)?
6
What is the tens digit of 422*5/50 + 2/(-10)?
4
Suppose -3*w = d - 10, -2 + 0 = w - d. Suppose -4*r + 52 = 16. Suppose -5*n + 5*g = -15, -3*g + r = n - w*g. What is the units digit of n?
6
Suppose -z - 3*s = -10 - 2, -9 = -2*z - s. What is the units digit of z?
3
Suppose -j = 2*v + 8, -2 = 4*v - 4*j - 10. What is the units digit of ((-1)/(-2))/(v/(-20))?
5
Let l(n) = 16*n + 7. What is the units digit of l(4)?
1
Let k = -4 - -7. What is the units digit of k?
3
Let a(k) = k**3 + 20*k**2 - 29*k + 13. What is the units digit of a(-21)?
1
Let s(n) = n**2 - 2*n + 1. Let l be s(2). Let j(d) = 6*d**2 - 1. Let w be j(l). Suppose x - 22 = w*r, 0 = -r - 4*r - 20. What is the units digit of x?
2
Suppose -2*t + 0*t = -4. Let y be 2/(0 - 1) + t. Let l = y + 7. What is the units digit of l?
7
Suppose 0 = 5*j + 3*m - 0*m - 22, -5*j - 2*m = -18. Let c = j + 3. What is the units digit of (-1)/c + 184/20?
9
Suppose 5*y - 127 = 8. What is the units digit of y?
7
Let b be (24/18)/((-1)/12). Let k = b - -35. What is the tens digit of k?
1
Let c(u) be the second derivative of u**2 - 1/3*u**3 + 3*u + 0 + 1/6*u**4. What is the units digit of c(2)?
6
Let x(d) = 24*d**2 + d - 1. Let k be x(1). Let q = -12 + k. What is the tens digit of q?
1
Suppose -5*t - 5*x = -0*x - 45, 5*x = 4*t + 9. What is the units digit of t?
4
Let y = 356 - 92. What is the units digit of y?
4
Let u(c) = c**2 + 4*c + 3. Let b be u(-4). Suppose 44 = 5*z + b*x - 104, -4*x - 112 = -3*z. What is the units digit of z?
2
Let t(q) = q**2 + 5*q - 2. Let o be t(-4). What is the units digit of ((-6)/4)/(1/o)?
9
Suppose -i + 22 + 123 = 5*g, 5*g = -4*i + 130. What is the units digit of g?
0
Suppose -2*p - 52 = -j, 4*j - 5*p = 235 - 33. What is the tens digit of j?
4
Let m be (4/(-6))/((-2)/15). Suppose m*l - 3 = 2*l. What is the units digit of (-2)/6*(l + -4)?
1
Suppose 0 = 3*s - 5*s + 34. Let y = s - 12. What is the units digit of y/20 - 15/(-4)?
4
Let l(k) be the first derivative of k**4/4 - k**3/3 + 2. Let q be l(2). Suppose -q = -5*b + 6. What is the units digit of b?
2
Let p(b) = b + 5. Let n be 4/2*3/(-2). Let k be p(n). Suppose -k*a + 12 = -2. What is the units digit of a?
7
Let d be -1 + (-1 - (-13 + 1)). Let p = 4 + d. What is the tens digit of p?
1
Suppose u = -3*t + 41, 2*t + 4*u = t + 32. What is the tens digit of t?
1
Suppose 4*y - 46 = -2*k, -4*y + 9*y = -2*k + 45. What is the tens digit of k?
2
Suppose 2*a = 11*a - 423. What is the tens digit of a?
4
Let i(x) = -x**3 + 2*x**2 + 2*x - 2. Suppose 0 = -4*y - 2 + 14. Let p be i(y). Let t = 3 - p. What is the units digit of t?
8
Let a(y) = 7*y**2 + 6*y + 2. What is the tens digit of a(-2)?
1
Let h(u) = -8*u - 1. Let q = 6 - 7. Let y be h(q). Suppose 6*f = 7*f - y. What is the units digit of f?
7
Let z be 3/9 + (-134)/6. Let l be (-1)/(-3) + z/(-6). Suppose -12 = y - 2*y - 2*c, l*y - 2*c = 18. What is the units digit of y?
6
What is the tens digit of (2/6)/(2/228)?
3
Let j(m) = -2*m**3 - 3*m**2. Let d be j(-2). Suppose 4*f + 5*k = 25, -4 + 0 = -d*k. What is the units digit of f?
5
Suppose -2*f + 0*i + i = 1, 2*i + 6 = 0. Let l = f + 3. What is the units digit of l?
1
Let p(m) = 5*m**2 - 2*m 